8 (base 10) to base 12
47a16
What is 31045565 (base 7) in base 2?
1001111010101111010001
What is 133333003 (base 4) in base 2?
11111111111000011
Convert -13c0d0 (base 14) to base 12.
-29111a
What is 41412434 (base 5) in base 3?
122100121120
What is -4259a (base 16) in base 15?
-557d0
-102001310 (base 4) to base 10
-73844
What is c4780 (base 13) in base 8?
1261047
2616052 (base 8) to base 5
141244411
41b969 (base 14) to base 12
8b18a1
211121112120202 (base 3) to base 15
10c5a0b
Convert -2321667 (base 8) to base 5.
-130203420
Convert -14125432 (base 6) to base 15.
-96a32
Convert ac0b8 (base 13) to base 9.
525135
Convert -585335 (base 9) to base 13.
-c40a3
Convert 26360117 (base 8) to base 4.
112132001033
Convert 483281 (base 11) to base 13.
20a668
Convert 63697 (base 13) to base 10.
179095
What is -20d2b (base 14) in base 2?
-10011011000111011
Convert d8082 (base 14) to base 11.
326878
What is -10020000210 (base 3) in base 4?
-33133110
100242 (base 8) to base 13
11cb1
Convert 19892 (base 11) to base 7.
143504
What is 1285862 (base 10) in base 2?
100111001111011100110
What is 356863 (base 10) in base 5?
42404423
What is -10001111010110010 (base 2) in base 16?
-11eb2
What is -1121304 (base 5) in base 8?
-47354
Convert 70a1b6 (base 13) to base 4.
21333332123
10110023 (base 4) to base 16
450b
Convert -233242113 (base 5) to base 3.
-2000102212102
Convert -84542 (base 11) to base 2.
-11110000011011111
-43a2c0 (base 13) to base 16
-184fe7
Convert -41633 (base 15) to base 4.
-302212221
What is -19c38 (base 14) in base 3?
-10022212110
Convert 10010001110101000110 (base 2) to base 6.
20445210
Convert 11043560 (base 7) to base 13.
2744a5
What is -336614 (base 9) in base 11?
-1285a7
Convert 38a8bc (base 14) to base 2.
111011100000100010110
1200203220 (base 4) to base 7
3235023
What is -233322130 (base 5) in base 14?
-1dd287
What is -103233133 (base 5) in base 12?
-196163
What is -11011001101000011110 (base 2) in base 14?
-192c10
Convert 4a2205 (base 12) to base 13.
33318b
What is -35424255 (base 6) in base 5?
-240422010
-2011000010220 (base 3) to base 13
-30c897
180483 (base 12) to base 5
101243040
What is 99a2 (base 13) in base 5?
1141201
Convert -13032632 (base 8) to base 14.
-555c26
Convert -4682 (base 15) to base 7.
-61436
What is -1403025 (base 6) in base 2?
-10011001001011001
What is -318712 (base 11) in base 8?
-1742566
Convert -2212213033 (base 4) to base 10.
-682447
What is 152253 (base 10) in base 6?
3132513
Convert 7fc7f (base 16) to base 6.
15115035
What is 7aab2 (base 13) in base 3?
102100220101
Convert -2ca8 (base 14) to base 2.
-1111100110100
Convert -7563601 (base 8) to base 7.
-23133540
What is c8c2a (base 13) in base 8?
1303604
What is 21444440 (base 5) in base 2?
101101110001100111
What is -5040804 (base 9) in base 13?
-72c934
-2428182 (base 12) to base 10
-7022834
What is 212021010222 (base 3) in base 12?
1a0bbb
What is 232351151 (base 6) in base 10?
4322443
Convert -b431b (base 14) to base 8.
-1517765
530753 (base 8) to base 2
101011000111101011
-20011111222222 (base 3) to base 8
-14401417
1a8a72 (base 12) to base 9
787745
Convert 21321110123 (base 4) to base 11.
1511a70
-221cb (base 16) to base 12
-68a37
11101011000001110110110 (base 2) to base 5
3432421210
Convert -7210424 (base 9) to base 12.
-1355204
-111001101001010001 (base 2) to base 15
-49e5d
Convert 28830 (base 11) to base 5.
2302211
-12433111000 (base 5) to base 15
-1568585
-7487 (base 10) to base 8
-16477
Convert 64498a (base 11) to base 3.
1221101210022
Convert -10254143 (base 6) to base 13.
-a7b38
47bc (base 16) to base 3
221012011
133054314 (base 6) to base 9
5014211
What is -200122306 (base 7) in base 5?
-10424131200
Convert -4423105 (base 6) to base 10.
-221009
What is -1010001110100111000 (base 2) in base 5?
-41211120
Convert -17710 (base 11) to base 2.
-110000011110000
Convert -316556 (base 7) to base 14.
-16166
Convert 742062 (base 10) to base 8.
2651256
Convert -302c2 (base 14) to base 6.
-2252054
-1220728 (base 10) to base 12
-4aa534
20203102 (base 4) to base 6
430054
Convert -32103400 (base 5) to base 10.
-269225
Convert -1246263 (base 7) to base 3.
-22021200120
Convert -199146 (base 10) to base 15.
-3e016
-9a6b56 (base 16) to base 11
-5792360
What is -541a2 (base 12) in base 10?
-110858
Convert -32887 (base 10) to base 5.
-2023022
What is -454103 (base 8) in base 16?
-25843
312131323 (base 4) to base 2
110110011101111011
Convert 10001010011010000010001 (base 2) to base 11.
26184a2
729b (base 12) to base 15
3a88
-4440b (base 12) to base 6
-1534415
What is -164770 (base 11) in base 8?
-762251
392449 (base 11) to base 12
259861
Convert -64079 (base 10) to base 12.
-310bb
-2273975 (base 10) to base 11
-1313520
-60141513 (base 7) to base 9
-10312156
What is 3ea57 (base 15) in base 10?
201457
-54ba35 (base 12) to base 6
-44514505
Convert 32426653 (base 7) to base 13.
76469b
-3620025 (base 7) to base 16
-6ff72
-4242 (base 8) to base 7
-6305
What is -336e (base 15) in base 7?
-43535
-646433 (base 8) to base 5
-23410342
Convert 114f9c (base 16) to base 11.
7053a7
What is -624752 (base 14) in base 10?
-3316196
What is 68822 (base 9) in base 12?
22662
What is 122312001231 (base 4) in base 15?
9400ac
17d347 (base 14) to base 13
236969
100100000101110000 (base 2) to base 8
440560
What is 21201232 (base 4) in base 13?
149b9
Convert -2bbe18 (base 15) to base 2.
-1000000100100101010011
Convert 22202010120 (base 3) to base 2.
101010000001101100
What is 20112201020121 (base 3) in base 8?
15211335
22331230102 (base 4) to base 11
1693416
-45915 (base 11) to base 14
-1a256
Convert -2a1b15 (base 13) to base 2.
-11111100000001001110
Convert -1033122042 (base 5) to base 7.
-25013522
2110513 (base 10) to base 8
10032061
Convert 10001111100001011001 (base 2) to base 16.
8f859
What is -120460 (base 8) in base 16?
-a130
87246 (base 10) to base 8
252316
What is 54100520 (base 6) in base 10?
1594272
What is 2122222220 (base 3) in base 4?
30310011
1353530001 (base 6) to base 8
77547121
-798922 (base 11) to base 2
-100110110010001100111
Convert 1275287 (base 10) to base 11.
7a1162
What is 110011021220 (base 3) in base 14?
63309
Convert -1022145351 (base 6) to base 3.
-202012220110011
Convert -1322101040 (base 6) to base 5.
-13014341434
Convert 2976b (base 12) to base 3.
2221201102
What is -217923 (base 10) in base 6?
-4400523
What is 10202221122210 (base 3) in base 12?
809340
6452404 (base 7) to base 13
2169c7
What is 12532 (base 10) in base 2?
11000011110100
Convert 251450 (base 10) to base 12.
101622
What is a3a0a (base 11) in base 12?
738b3
Convert -7542535 (base 8) to base 9.
-3713232
-95a48 (base 11) to base 13
-4b771
What is -2d996d (base 14) in base 2?
-110000111000001001101
What is 33a9915 (base 11) in base 6?
331404122
Convert -3ea86 (base 15) to base 10.
-201501
-7115236 (base 8) to base 2
-111001001101010011110
-42dd5 (base 16) to base 14
-71b49
Convert 4676731 (base 8) to base 9.
2356234
Convert -438522 (base 11) to base 9.
-1275355
cb13d (base 14) to base 12
1b8483
-42303143 (base 6) to base 11
-7754a2
What is 717a24 (base 12) in base 14?
3433c0
What is 40336 (base 16) in base 8?
1001466
1441774 (base 8) to base 10
410620
What is 119155 (base 10) in base 2?
11101000101110011
Convert -27194 (base 11) to base 13.
-14895
98305 (base 11) to base 6
3021013
-12535253 (base 6) to base 16
-65db1
What is 57090a0 (base 11) in base 5?
10024403001
Convert -33083d (base 15) to base 5.
-1110304413
a274a (base 13) to base 6
10124213
Convert -3021151 (base 6) to base 4.
-202313323
Convert -46498a (base 11) to base 14.
-153225
Convert -1288aa (base 13) to base 4.
-1231033323
What is -13a5b9 (base 13) in base 9?
-811320
96766 (base 15) to base 11
2a6873
-4b957 (base 12) to base 3
-12020201111
626b7 (base 12) to base 3
20112210011
1354480 (base 9) to base 3
1101211112200
-566358 (base 13) to base 12
-825589
-112122002022012 (base 3) to base 4
-131222203100
Convert 32c941 (base 13) to base 5.
301331224
What is 1c3148 (base 15) in base 16?
15040d
Convert -430236 (base 9) to base 7.
-2114400
100001101100001000 (base 2) to base 3
21000021211
2301620 (base 7) to base 4
1011322202
-65056326 (base 8) to base 11
-7946390
What is 275305 (base 8) in base 6?
2024525
What is 11110001101101010 (base 2) in bas